at is the hundreds digit of 1856726?
7
What is the thousands digit of 144533?
4
What is the units digit of 97525?
5
What is the tens digit of 1026248?
4
What is the hundreds digit of 1919590?
5
What is the millions digit of 1686582?
1
What is the hundreds digit of 2658684?
6
What is the hundreds digit of 1352523?
5
What is the hundreds digit of 241177?
1
What is the millions digit of 8256668?
8
What is the units digit of 1656216?
6
What is the tens digit of 287565?
6
What is the hundreds digit of 3483894?
8
What is the hundred thousands digit of 270685?
2
What is the hundreds digit of 257752?
7
What is the millions digit of 22520816?
2
What is the hundred thousands digit of 535101?
5
What is the tens digit of 2924001?
0
What is the thousands digit of 118156?
8
What is the hundred thousands digit of 2560565?
5
What is the tens digit of 178637?
3
What is the units digit of 211123?
3
What is the thousands digit of 14355057?
5
What is the hundred thousands digit of 481114?
4
What is the ten thousands digit of 217158?
1
What is the units digit of 1319354?
4
What is the hundred thousands digit of 8341275?
3
What is the ten thousands digit of 527973?
2
What is the ten thousands digit of 2494959?
9
What is the units digit of 22177356?
6
What is the hundred thousands digit of 15150910?
1
What is the thousands digit of 691742?
1
What is the ten thousands digit of 2775897?
7
What is the thousands digit of 289743?
9
What is the tens digit of 289193?
9
What is the tens digit of 19213328?
2
What is the millions digit of 2129490?
2
What is the tens digit of 900856?
5
What is the ten thousands digit of 21761406?
6
What is the hundreds digit of 74728?
7
What is the hundreds digit of 348513?
5
What is the hundreds digit of 14096561?
5
What is the units digit of 1940841?
1
What is the hundreds digit of 122490?
4
What is the units digit of 200938?
8
What is the units digit of 15402122?
2
What is the ten thousands digit of 153609?
5
What is the hundreds digit of 176084?
0
What is the thousands digit of 3239109?
9
What is the tens digit of 2611250?
5
What is the hundreds digit of 995548?
5
What is the units digit of 11806771?
1
What is the ten thousands digit of 631679?
3
What is the ten thousands digit of 52752?
5
What is the hundred thousands digit of 1819154?
8
What is the thousands digit of 11490950?
0
What is the hundred thousands digit of 2563440?
5
What is the hundreds digit of 36895?
8
What is the hundred thousands digit of 198354?
1
What is the hundred thousands digit of 401168?
4
What is the thousands digit of 188061?
8
What is the hundred thousands digit of 9211648?
2
What is the ten thousands digit of 13030598?
3
What is the tens digit of 1092168?
6
What is the units digit of 10864962?
2
What is the units digit of 125244?
4
What is the ten thousands digit of 550278?
5
What is the units digit of 1382054?
4
What is the units digit of 1293296?
6
What is the ten thousands digit of 212044?
1
What is the ten thousands digit of 1974689?
7
What is the hundred thousands digit of 14141299?
1
What is the tens digit of 5103392?
9
What is the hundred thousands digit of 985878?
9
What is the units digit of 604355?
5
What is the ten thousands digit of 10967?
1
What is the ten thousands digit of 1605243?
0
What is the hundred thousands digit of 310608?
3
What is the hundred thousands digit of 999341?
9
What is the units digit of 2664458?
8
What is the millions digit of 2524511?
2
What is the millions digit of 19356365?
9
What is the tens digit of 2008530?
3
What is the thousands digit of 3132267?
2
What is the hundred thousands digit of 8243034?
2
What is the ten thousands digit of 266346?
6
What is the millions digit of 1405640?
1
What is the units digit of 659166?
6
What is the ten thousands digit of 1817576?
1
What is the thousands digit of 2480466?
0
What is the hundreds digit of 3207574?
5
What is the millions digit of 13399918?
3
What is the thousands digit of 32100?
2
What is the thousands digit of 4564318?
4
What is the millions digit of 13998565?
3
What is the millions digit of 3829502?
3
What is the thousands digit of 15603414?
3
What is the hundred thousands digit of 393625?
3
What is the hundreds digit of 2580490?
4
What is the thousands digit of 278507?
8
What is the hundred thousands digit of 209788?
2
What is the tens digit of 97812?
1
What is the tens digit of 352550?
5
What is the ten millions digit of 38328803?
3
What is the tens digit of 1538431?
3
What is the ten thousands digit of 1656710?
5
What is the thousands digit of 229542?
9
What is the tens digit of 4330640?
4
What is the units digit of 460951?
1
What is the tens digit of 124921?
2
What is the thousands digit of 83965?
3
What is the units digit of 80678?
8
What is the thousands digit of 5958479?
8
What is the thousands digit of 10921289?
1
What is the hundreds digit of 183061?
0
What is the hundred thousands digit of 289893?
2
What is the units digit of 565362?
2
What is the thousands digit of 14596150?
6
What is the hundred thousands digit of 2434798?
4
What is the tens digit of 726322?
2
What is the units digit of 363998?
8
What is the tens digit of 94873?
7
What is the thousands digit of 620650?
0
What is the millions digit of 6534411?
6
What is the units digit of 4743638?
8
What is the ten thousands digit of 1035388?
3
What is the tens digit of 11808867?
6
What is the ten thousands digit of 4783402?
8
What is the thousands digit of 901306?
1
What is the units digit of 144123?
3
What is the hundreds digit of 85010?
0
What is the units digit of 1199452?
2
What is the millions digit of 44934012?
4
What is the ten thousands digit of 4347186?
4
What is the millions digit of 1624132?
1
What is the tens digit of 680860?
6
What is the tens digit of 731637?
3
What is the hundred thousands digit of 2039310?
0
What is the tens digit of 1128604?
0
What is the thousands digit of 9632002?
2
What is the units digit of 9369671?
1
What is the hundred thousands digit of 18693538?
6
What is the units digit of 178639?
9
What is the hundreds digit of 248405?
4
What is the units digit of 293445?
5
What is the hundred thousands digit of 1408262?
4
What is the ten thousands digit of 2406551?
0
What is the millions digit of 10929017?
0
What is the millions digit of 5545999?
5
What is the ten thousands digit of 4362820?
6
What is the hundreds digit of 230272?
2
What is the hundreds digit of 14700899?
8
What is the hundred thousands digit of 11064134?
0
What is the ten thousands digit of 439408?
3
What is the ten thousands digit of 5113985?
1
What is the millions digit of 20613932?
0
What is the hundred thousands digit of 194838?
1
What is the millions digit of 3267158?
3
What is the ten thousands digit of 4187041?
8
What is the ten thousands digit of 875389?
7
What is the thousands digit of 2357504?
7
What is the units digit of 1779697?
7
What is the thousands digit of 1956840?
6
What is the ten thousands digit of 5182061?
8
What is the units digit of 25396?
6
What is the ten thousands digit of 2514544?
1
What is the hundreds digit of 457915?
9
What is the units digit of 5819379?
9
What is the millions digit of 5243985?
5
What is the millions digit of 1753086?
1
What is the ten thousands digit of 716453?
1
What is the hundreds digit of 4658287?
2
What is the hundred thousands digit of 271158?
2
What is the tens digit of 11638472?
7
What is the millions digit of 2131003?
2
What is the thousands digit of 103804?
3
What is the ten thousands digit of 2171405?
7
What is the units digit of 1500191?
1
What is the thousands digit of 299905?
9
What is the hundreds digit of 825464?
4
What is the hundreds digit of 5673914?
9
What is the tens digit of 319834?
3
What is the units digit of 781095?
5
What is the ten thousands digit of 362509?
6
What is the units digit of 394684?
4
What is the hundred thousands digit of 272720?
2
What is the hundred thousands digit of 2022659?
0
What is the hundred thousands digit of 256183?
2
What is the millions digit of 1596769?
1
What is the hundred thousands digit of 14801728?
8
What is the tens digit of 103282?
8
What is the units digit of 2366729?
9
What is the units digit of 474471?
1
What is the ten thousands digit of 786866?
8
What is the hundred thousands digit of 12485530?
4
Wh